 + (-6)/21?
5
Suppose -3*d - 42 - 36 = -f, 162 = 2*f - 4*d. Let z(s) = -s**3 - 6*s**2 - 4*s - 17. Let m be z(-5). Let j = f + m. What is the tens digit of j?
6
Let y = -251 + 376. What is the tens digit of y?
2
Suppose 74 = 3*h + 62. Suppose 103 = 4*q - 361. Suppose -q = -8*l + h*l. What is the tens digit of l?
2
Let w = -4554 - -6673. What is the tens digit of w?
1
Let m(w) = w**3 - 16*w**2 - 2*w + 5. Let o be m(16). Let a = -31 + o. Let c = -32 - a. What is the tens digit of c?
2
Suppose -1 = -3*t + 5. Suppose -2*j + 62 = 5*w, -3*w = -j - t*j + 135. Suppose -3*c + j = -25. What is the tens digit of c?
2
Suppose 1461 = -0*c + 4*c + 5*x, -4*c - x + 1473 = 0. What is the tens digit of c?
6
Let l(w) be the first derivative of w**3/3 + w**2 - 9*w - 3. What is the units digit of l(8)?
1
Suppose -2*j = -5*j - 9. What is the units digit of ((185/15)/(1/j))/(-1)?
7
Suppose 268670 = 82*v + 32510. What is the thousands digit of v?
2
Let h be -4*1*(-35)/10. Suppose -h + 12 = -b. What is the units digit of b?
2
Let y = 572 + -386. What is the units digit of y?
6
Suppose 4*c + 8 = 4, 4*z + 4*c = 520. Suppose 6*i - z = 109. What is the tens digit of i?
4
Let x(i) = -64*i**3 + 19*i + 17*i - i**2 - 50*i + 13*i - 1. What is the tens digit of x(-1)?
6
Let s be 365/10 + (-2)/4. Suppose -s = -4*r + 2*r. Let j = r - -10. What is the units digit of j?
8
Suppose -5*n = 5*j, -2*n + 33 - 3 = -4*j. Suppose 6*q - 47 = n*q. What is the tens digit of q?
4
Suppose 7 - 3 = -2*n. Let x be (-54)/(6/n) + -1. Suppose -3*h + 2*h + x = 0. What is the units digit of h?
7
Let a = 12 - 14. Let n = a - -5. Suppose 12 = -5*b + o + 78, n*b = 3*o + 30. What is the units digit of b?
4
Suppose 4*d = -a - 2, 5*a - 4 + 124 = 2*d. Let i = a + 44. What is the tens digit of i?
2
Suppose -30066 - 44589 = -21*n. What is the tens digit of n?
5
Let x(m) = 288*m**2 - 5*m + 5. What is the units digit of x(2)?
7
Let z(m) = m**3 - 9*m**2 - 5*m + 15. Let n be 2/2 + -8 + 17. What is the units digit of z(n)?
5
Let h be (52/(-39))/(2/(-33)). Let i = -10 + h. What is the units digit of i?
2
Let a(o) be the second derivative of -o**3/6 + 4*o**2 + 4*o. Let i be a(4). Suppose c - f - 27 = 4*f, 5*c + i*f = 135. What is the tens digit of c?
2
Let w be ((-60)/(-8))/5*10. Suppose -12*y = -w*y - 72. What is the units digit of (-2 + 23)*y/(-14)?
6
Suppose 5*c - 2 + 14 = -4*j, 0 = 5*j - c - 14. Suppose -j*i + 0*w - 2*w - 4 = 0, 0 = 3*i + w - 4. What is the units digit of i?
3
Let c(b) = 5*b**2 - 8*b - 7. Let o(w) = 11*w**2 - 16*w - 15. Let y(p) = -9*c(p) + 4*o(p). Suppose 5*n + 7 - 42 = 0. What is the tens digit of y(n)?
1
Let d(y) = 35*y**2 - 4. Let a be d(2). Suppose -3*m - 35 = -q, a = 5*q - m - m. What is the tens digit of 1*q*10/20?
1
Let s = -141 + 80. Let k = 94 - s. What is the units digit of k?
5
Suppose 565*z - 556*z - 37224 = 0. What is the tens digit of z?
3
Suppose 136*b - 151*b = -12600. What is the units digit of b?
0
Let f(y) = 5*y**2 - 42*y + 76. Let r be f(2). Let m be (-55)/(-4) + 2/8. Let n = r + m. What is the tens digit of n?
2
Suppose -21543 = -5*o - 5118. What is the tens digit of o?
8
Let s(z) = z**3 - 3*z**2 - 3*z - 3. Let q be s(4). Let g(k) = 11*k**2 - 2*k**2 - k + 3*k**2. What is the units digit of g(q)?
1
Let o(z) = z**3 + 2*z**2 + z + 71. Suppose 0 = -g + 8*g. What is the units digit of o(g)?
1
Let k = -8 + 8. Suppose -5*f = -3*p + 366, k = -2*p - 5*f + 237 + 7. What is the hundreds digit of p?
1
Suppose b + 2*l = 920, 3*l + 3 + 0 = 0. What is the hundreds digit of b?
9
Let x = 9476 + -3173. What is the tens digit of x?
0
Suppose -17*f + 15438 = 14*f. What is the hundreds digit of f?
4
Suppose 7*i - 6*i - 872 = 5*z, -z = -3*i + 2546. What is the hundreds digit of i?
8
Suppose 5*h - 2*r = -2 + 15, 3 = 2*h - 3*r. Suppose h*d = 2 + 7. Suppose -d*o + 8 = t + t, 3*t + o = 12. What is the units digit of t?
4
Suppose -w + 67 = 5*u - 460, 0 = -2*u - 3*w + 216. Let z = u + -54. What is the units digit of z?
1
Let c = -39 - -274. What is the hundreds digit of c?
2
What is the tens digit of ((-45)/6)/(7/(-364))?
9
Let o = 17 - 13. Suppose -2*r + c + 62 = -148, 2*c - 436 = -o*r. What is the hundreds digit of r?
1
Let a(p) = -7*p - 3. Let o be a(-1). Suppose -o*n + 0 + 100 = 0. What is the tens digit of n?
2
What is the tens digit of ((-104)/16 - 6)*-62?
7
Suppose 5*w + 30 = 15*w. Suppose -2*d - a = -389, -a - 404 = -2*d + w*a. What is the hundreds digit of d?
1
Suppose 3*i - 130 = -2*i. What is the tens digit of 4/8*6 + i?
2
Let j(r) = 4*r**3 + r**2 + 71*r - 6. What is the units digit of j(6)?
0
Let j(s) = 5*s + 215. Let g be j(-42). Let f(r) = 139*r**2 - r. Let q be f(-1). Suppose -q = -g*v - 0*v. What is the units digit of v?
8
Suppose 120*d - 3712 = 112*d. What is the hundreds digit of d?
4
Let l(d) = 3*d**2 + 3*d + 2. Let n be l(-4). Let c = 59 - n. What is the tens digit of c + 0 - (-2 - 1)?
2
What is the thousands digit of 268086/156 - 2/(-4)?
1
Let u be 2*-26*2/(-8). Suppose 0 = -c - u*c + 1806. What is the tens digit of c?
2
Let w = 1974 + -792. What is the hundreds digit of w?
1
Let q(c) = c**2 - 6*c - 1. Let x be q(8). Suppose -6 = -p + x. Suppose 5*f + 32 = y, 3*y + f = p + 75. What is the units digit of y?
2
Let a = -36 + 56. Suppose 8*j - 700 = 3*j. Suppose a = -4*w, 5*h + 0*w - 4*w - j = 0. What is the tens digit of h?
2
What is the tens digit of (0 + 6/(-9))/((-58)/39411)?
5
Let u = 895 - 171. What is the hundreds digit of u?
7
Suppose -10*i = -11*i + 2. Suppose i*q = -5*f - 2910, 2*f + f + q = -1745. What is the units digit of (-12)/(-21) - f/14?
2
What is the units digit of 2*6/(-12) + (-232)/(-1)?
1
Let d be 59/5 + 3/15. Let b be 8/6*d/8. What is the units digit of ((-12)/30)/(b/(-20))?
4
Suppose -14 - 11 = n - 5*w, -5*n + 4*w - 41 = 0. Let c = -2 - n. Suppose -c*s = 2*s + 5, -5*s + 28 = 3*y. What is the tens digit of y?
1
Suppose -854 = 5*s + n, 4*s + 5*n + 320 + 359 = 0. Let u = -120 - s. What is the units digit of u?
1
Suppose -4*f + 580 = -4*a + 7*a, 3*a - 548 = 4*f. What is the hundreds digit of a?
1
Suppose -2*x + 5*x - 6 = 0. Suppose x + 10 = 6*h. Suppose -h*u + u = 2*v, -3*u = -v - 28. What is the units digit of u?
8
Let k(b) = 3*b - 8. Let z(i) = i - 1. Let s(j) = k(j) - 4*z(j). Let h be s(0). What is the units digit of (-28)/8*(0 + h)?
4
Suppose -g - 215 = -6*g. What is the tens digit of g?
4
Let n = 64 + -46. Suppose -n*a + 14*a + 260 = 0. What is the tens digit of a?
6
Suppose 169 = v + 5*t, 2*v - 2*t = 113 + 249. What is the units digit of v?
9
Suppose w = -9*w. Let x = 38 + w. What is the units digit of x?
8
Let v be -26 - (2 - 3)/1. Let a = -4 + v. Let w = 77 + a. What is the tens digit of w?
4
Suppose -5*l + 8*l - d = 29, 2*l - 3*d = 17. Suppose -4*s - i = -237, 3*s - 165 = 5*i - l*i. What is the tens digit of s?
6
Let y be (3 - 1) + -2 + 4. Suppose 0 = 4*m - 8*m + z + 17, -2*m + 2*z + y = 0. What is the units digit of 5/(-2*m/(-130))?
5
Suppose 3*w + 3*l + 2*l - 8613 = 0, -w + 3*l + 2871 = 0. What is the hundreds digit of w?
8
Let h(t) = t**3 - 13*t**2 + 11*t - 14. Suppose -2*i - 50 = -5*y, 5*y - 55 = -2*i + 3*i. Let p be h(y). Let j = 33 - p. What is the units digit of j?
9
Suppose -26245 = 9*n - 38*n. What is the units digit of n?
5
What is the units digit of (8 - -2)/(290/72 + -4)?
0
Suppose 5820 = 16*d + 604. What is the units digit of d?
6
Let q = -14 - -10. Let u be (-3 + q/(-3))*-3. Suppose -3*l - 11 = -k + 3, l = u*k - 112. What is the units digit of k?
3
Suppose 3*c = 5*j + 2993, c + 2*j - 4008 = -3*c. What is the thousands digit of c?
1
Let p = 1584 - 883. What is the units digit of p?
1
What is the tens digit of (119 - 112)*(-3621)/(-7)?
2
Let r be 3/24 + 354/(-16). Let z = r + 27. What is the units digit of z?
5
Let h(x) = 359*x**2 - 18*x - 33. What is the units digit of h(-2)?
9
Let l(x) be the first derivative of x**2/2 + 13*x - 53. Let k = -16 + 25. What is the units digit of l(k)?
2
Let b(r) = 3 + 2*r**2 - 5*r - 4*r + 3. Let m be 28/6 - 76/(-57). What is the tens digit of b(m)?
2
Suppose 7*z = 12*z - 10. What is the tens digit of 1768/24 - z/3?
7
Let z = 134 - 26. What is the tens digit of z?
0
Let j(l) = -24*l + 21. Let f(b) = 8*b - 7. Let c(m) = 7*f(m) + 2*j(m). What is the units digit of c(3)?
7
Let z(k) = -k**2 + 3*k + 1. Let d be z(3). 